{"id":118,"date":"2020-05-23T22:07:14","date_gmt":"2020-05-23T22:07:14","guid":{"rendered":"http:\/\/italia.familiejenzer.ch\/?page_id=118"},"modified":"2025-01-27T15:47:42","modified_gmt":"2025-01-27T13:47:42","slug":"preise","status":"publish","type":"page","link":"https:\/\/familiejenzer.ch\/?page_id=118","title":{"rendered":"Preise"},"content":{"rendered":"<div data-colibri-id=\"118-c1\" class=\"style-510 style-local-118-c1 position-relative\">\n  <!---->\n  <div data-colibri-component=\"section\" data-colibri-id=\"118-c2\" id=\"preise\" class=\"h-section h-section-global-spacing d-flex align-items-lg-center align-items-md-center align-items-center style-515 style-local-118-c2 position-relative\">\n    <!---->\n    <!---->\n    <div class=\"h-section-grid-container h-section-boxed-container\">\n      <!---->\n      <div data-colibri-id=\"118-c3\" class=\"h-row-container gutters-row-lg-2 gutters-row-md-2 gutters-row-0 gutters-row-v-lg-2 gutters-row-v-md-2 gutters-row-v-2 style-516 style-local-118-c3 position-relative\">\n        <!---->\n        <div class=\"h-row justify-content-lg-center justify-content-md-center justify-content-center align-items-lg-stretch align-items-md-stretch align-items-stretch gutters-col-lg-2 gutters-col-md-2 gutters-col-0 gutters-col-v-lg-2 gutters-col-v-md-2 gutters-col-v-2\">\n          <!---->\n          <div class=\"h-column h-column-container d-flex h-col-lg-auto h-col-md-auto h-col-auto style-517-outer style-local-118-c4-outer\">\n            <div data-colibri-id=\"118-c4\" class=\"d-flex h-flex-basis h-column__inner h-px-lg-2 h-px-md-2 h-px-2 v-inner-lg-2 v-inner-md-2 v-inner-2 style-517 style-local-118-c4 position-relative\">\n              <!---->\n              <!---->\n              <div class=\"w-100 h-y-container h-column__content h-column__v-align flex-basis-100 align-self-lg-start align-self-md-start align-self-start\">\n                <!---->\n                <div data-colibri-id=\"118-c5\" class=\"h-global-transition-all h-heading style-523 style-local-118-c5 position-relative h-element\">\n                  <!---->\n                  <div class=\"h-heading__outer style-523 style-local-118-c5\">\n                    <!---->\n                    <!---->\n                    <h1 class=\"\">Preise<\/h1>\n                  <\/div>\n                <\/div>\n              <\/div>\n            <\/div>\n          <\/div>\n        <\/div>\n      <\/div>\n    <\/div>\n  <\/div>\n  <div data-colibri-component=\"section\" data-colibri-id=\"118-c10\" id=\"portfolio\" class=\"h-section h-section-global-spacing d-flex align-items-lg-start align-items-md-start align-items-start style-672 style-local-118-c10 position-relative\">\n    <!---->\n    <!---->\n    <div class=\"h-section-grid-container h-section-boxed-container\">\n      <div data-colibri-id=\"118-c54\" class=\"h-row-container gutters-row-lg-0 gutters-row-md-0 gutters-row-2 gutters-row-v-lg-0 gutters-row-v-md-0 gutters-row-v-0 style-695 style-local-118-c54 position-relative\">\n        <!---->\n        <div class=\"h-row justify-content-lg-center justify-content-md-center justify-content-center align-items-lg-stretch align-items-md-stretch align-items-stretch gutters-col-lg-0 gutters-col-md-0 gutters-col-2 gutters-col-v-lg-0 gutters-col-v-md-0 gutters-col-v-0\">\n          <!---->\n          <div class=\"h-column h-column-container d-flex h-col-lg-auto h-col-md-auto h-col-auto style-696-outer style-local-118-c55-outer\">\n            <div data-colibri-id=\"118-c55\" class=\"d-flex h-flex-basis h-column__inner h-px-lg-0 h-px-md-0 h-px-0 v-inner-lg-0 v-inner-md-0 v-inner-0 style-696 style-local-118-c55 position-relative\">\n              <!---->\n              <!---->\n              <div class=\"w-100 h-y-container h-column__content h-column__v-align flex-basis-100 align-self-lg-start align-self-md-start align-self-start\">\n                <!---->\n                <div data-colibri-id=\"118-c56\" class=\"h-lead h-text h-text-component style-698 style-local-118-c56 position-relative h-element\">\n                  <!---->\n                  <!---->\n                  <div class=\"\">\n                    <p>Die Preise sind in CHF pro Woche f\u00fcr die ganze Wohnung.\n                      <br>Mietbeginn 12:00 Uhr Anreisetag. Mietende 11:00 Uhr Abreisetag.\n                      <br>Je nach Aulastung der Wohnung k\u00f6nnen auch individuelle An- und Abreisezeiten abgemacht werden.<\/p>\n                  <\/div>\n                <\/div>\n              <\/div>\n            <\/div>\n          <\/div>\n        <\/div>\n      <\/div>\n      <div data-colibri-id=\"118-c11\" class=\"h-row-container gutters-row-lg-1 gutters-row-md-1 gutters-row-2 gutters-row-v-lg-1 gutters-row-v-md-1 gutters-row-v-1 style-673 style-local-118-c11 position-relative\">\n        <!---->\n        <div class=\"h-row justify-content-lg-center justify-content-md-center justify-content-center align-items-lg-stretch align-items-md-stretch align-items-stretch gutters-col-lg-1 gutters-col-md-1 gutters-col-2 gutters-col-v-lg-1 gutters-col-v-md-1 gutters-col-v-1\">\n          <!---->\n          <div class=\"h-column h-column-container d-flex h-col-lg-4 h-col-md-6 h-col-12 style-674-outer style-local-118-c12-outer\">\n            <div data-colibri-id=\"118-c12\" class=\"d-flex h-flex-basis h-column__inner h-px-lg-0 h-px-md-0 h-px-0 v-inner-lg-0 v-inner-md-0 v-inner-0 style-674 style-local-118-c12 position-relative\">\n              <!---->\n              <!---->\n              <div class=\"w-100 h-y-container h-column__content h-column__v-align flex-basis-100 align-self-lg-start align-self-md-start align-self-start\">\n                <!---->\n                <div data-colibri-id=\"118-c13\" class=\"h-row-container gutters-row-lg-0 gutters-row-md-0 gutters-row-0 gutters-row-v-lg-0 gutters-row-v-md-0 gutters-row-v-0 style-675 style-local-118-c13 position-relative\">\n                  <!---->\n                  <div class=\"h-row justify-content-lg-center justify-content-md-center justify-content-center align-items-lg-stretch align-items-md-stretch align-items-stretch gutters-col-lg-0 gutters-col-md-0 gutters-col-0 gutters-col-v-lg-0 gutters-col-v-md-0 gutters-col-v-0\">\n                    <!---->\n                    <div class=\"h-column h-column-container d-flex h-col-lg-auto h-col-md-auto h-col-auto style-682-outer style-local-118-c14-outer\">\n                      <div data-colibri-id=\"118-c14\" class=\"d-flex h-flex-basis h-column__inner h-px-lg-0 h-px-md-0 h-px-0 v-inner-lg-0 v-inner-md-0 v-inner-0 style-682 style-local-118-c14 position-relative\">\n                        <!---->\n                        <!---->\n                        <div class=\"w-100 h-y-container h-column__content h-column__v-align flex-basis-100 align-self-lg-start align-self-md-start align-self-start\">\n                          <!---->\n                          <div data-colibri-id=\"118-c15\" class=\"h-global-transition-all h-heading style-683 style-local-118-c15 position-relative h-element\">\n                            <!---->\n                            <div class=\"h-heading__outer style-683 style-local-118-c15\">\n                              <!---->\n                              <!---->\n                              <h5 class=\"\">Januar<\/h5>\n                            <\/div>\n                          <\/div>\n                          <div data-colibri-id=\"118-c16\" class=\"h-text h-text-component style-684 style-local-118-c16 position-relative h-element\">\n                            <!---->\n                            <!---->\n                            <div class=\"\">\n                              <p>CHF 150<\/p>\n                            <\/div>\n                          <\/div>\n                        <\/div>\n                      <\/div>\n                    <\/div>\n                  <\/div>\n                <\/div>\n              <\/div>\n            <\/div>\n          <\/div>\n          <div class=\"h-column h-column-container d-flex h-col-lg-4 h-col-md-6 h-col-12 style-674-outer style-local-118-c17-outer\">\n            <div data-colibri-id=\"118-c17\" class=\"d-flex h-flex-basis h-column__inner h-px-lg-0 h-px-md-0 h-px-0 v-inner-lg-0 v-inner-md-0 v-inner-0 style-674 style-local-118-c17 position-relative\">\n              <!---->\n              <!---->\n              <div class=\"w-100 h-y-container h-column__content h-column__v-align flex-basis-100 align-self-lg-start align-self-md-start align-self-start\">\n                <!---->\n                <div data-colibri-id=\"118-c18\" class=\"h-row-container gutters-row-lg-0 gutters-row-md-0 gutters-row-0 gutters-row-v-lg-0 gutters-row-v-md-0 gutters-row-v-0 style-675 style-local-118-c18 position-relative\">\n                  <!---->\n                  <div class=\"h-row justify-content-lg-center justify-content-md-center justify-content-center align-items-lg-stretch align-items-md-stretch align-items-stretch gutters-col-lg-0 gutters-col-md-0 gutters-col-0 gutters-col-v-lg-0 gutters-col-v-md-0 gutters-col-v-0\">\n                    <!---->\n                    <div class=\"h-column h-column-container d-flex h-col-lg-auto h-col-md-auto h-col-auto style-682-outer style-local-118-c19-outer\">\n                      <div data-colibri-id=\"118-c19\" class=\"d-flex h-flex-basis h-column__inner h-px-lg-0 h-px-md-0 h-px-0 v-inner-lg-0 v-inner-md-0 v-inner-0 style-682 style-local-118-c19 position-relative\">\n                        <!---->\n                        <!---->\n                        <div class=\"w-100 h-y-container h-column__content h-column__v-align flex-basis-100 align-self-lg-start align-self-md-start align-self-start\">\n                          <!---->\n                          <div data-colibri-id=\"118-c20\" class=\"h-global-transition-all h-heading style-683 style-local-118-c20 position-relative h-element\">\n                            <!---->\n                            <div class=\"h-heading__outer style-683 style-local-118-c20\">\n                              <!---->\n                              <!---->\n                              <h5 class=\"\">Februar<\/h5>\n                            <\/div>\n                          <\/div>\n                          <div data-colibri-id=\"118-c21\" class=\"h-text h-text-component style-684 style-local-118-c21 position-relative h-element\">\n                            <!---->\n                            <!---->\n                            <div class=\"\">\n                              <p>CHF 150<\/p>\n                            <\/div>\n                          <\/div>\n                        <\/div>\n                      <\/div>\n                    <\/div>\n                  <\/div>\n                <\/div>\n              <\/div>\n            <\/div>\n          <\/div>\n          <div class=\"h-column h-column-container d-flex h-col-lg-4 h-col-md-6 h-col-12 style-674-outer style-local-118-c22-outer\">\n            <div data-colibri-id=\"118-c22\" class=\"d-flex h-flex-basis h-column__inner h-px-lg-0 h-px-md-0 h-px-0 v-inner-lg-0 v-inner-md-0 v-inner-0 style-674 style-local-118-c22 position-relative\">\n              <!---->\n              <!---->\n              <div class=\"w-100 h-y-container h-column__content h-column__v-align flex-basis-100 align-self-lg-start align-self-md-start align-self-start\">\n                <!---->\n                <div data-colibri-id=\"118-c23\" class=\"h-row-container gutters-row-lg-0 gutters-row-md-0 gutters-row-0 gutters-row-v-lg-0 gutters-row-v-md-0 gutters-row-v-0 style-675 style-local-118-c23 position-relative\">\n                  <!---->\n                  <div class=\"h-row justify-content-lg-center justify-content-md-center justify-content-center align-items-lg-stretch align-items-md-stretch align-items-stretch gutters-col-lg-0 gutters-col-md-0 gutters-col-0 gutters-col-v-lg-0 gutters-col-v-md-0 gutters-col-v-0\">\n                    <!---->\n                    <div class=\"h-column h-column-container d-flex h-col-lg-auto h-col-md-auto h-col-auto style-682-outer style-local-118-c24-outer\">\n                      <div data-colibri-id=\"118-c24\" class=\"d-flex h-flex-basis h-column__inner h-px-lg-0 h-px-md-0 h-px-0 v-inner-lg-0 v-inner-md-0 v-inner-0 style-682 style-local-118-c24 position-relative\">\n                        <!---->\n                        <!---->\n                        <div class=\"w-100 h-y-container h-column__content h-column__v-align flex-basis-100 align-self-lg-start align-self-md-start align-self-start\">\n                          <!---->\n                          <div data-colibri-id=\"118-c25\" class=\"h-global-transition-all h-heading style-683 style-local-118-c25 position-relative h-element\">\n                            <!---->\n                            <div class=\"h-heading__outer style-683 style-local-118-c25\">\n                              <!---->\n                              <!---->\n                              <h5 class=\"\">M\u00e4rz<\/h5>\n                            <\/div>\n                          <\/div>\n                          <div data-colibri-id=\"118-c26\" class=\"h-text h-text-component style-684 style-local-118-c26 position-relative h-element\">\n                            <!---->\n                            <!---->\n                            <div class=\"\">\n                              <p>CHF 150<\/p>\n                            <\/div>\n                          <\/div>\n                        <\/div>\n                      <\/div>\n                    <\/div>\n                  <\/div>\n                <\/div>\n              <\/div>\n            <\/div>\n          <\/div>\n          <div class=\"h-column h-column-container d-flex h-col-lg-4 h-col-md-6 h-col-12 style-726-outer style-local-118-c27-outer\">\n            <div data-colibri-id=\"118-c27\" class=\"d-flex h-flex-basis h-column__inner h-px-lg-0 h-px-md-0 h-px-0 v-inner-lg-0 v-inner-md-0 v-inner-0 style-726 style-local-118-c27 position-relative\">\n              <!---->\n              <!---->\n              <div class=\"w-100 h-y-container h-column__content h-column__v-align flex-basis-100 align-self-lg-center align-self-md-center align-self-center\">\n                <!---->\n                <div data-colibri-id=\"118-c28\" class=\"h-global-transition-all h-heading style-735 style-local-118-c28 position-relative h-element\">\n                  <!---->\n                  <div class=\"h-heading__outer style-735 style-local-118-c28\">\n                    <!---->\n                    <!---->\n                    <h5 class=\"\">April<\/h5>\n                  <\/div>\n                <\/div>\n                <div data-colibri-id=\"118-c29\" class=\"h-text h-text-component style-736 style-local-118-c29 position-relative h-element\">\n                  <!---->\n                  <!---->\n                  <div class=\"\">\n                    <p>CHF 250<\/p>\n                  <\/div>\n                <\/div>\n              <\/div>\n            <\/div>\n          <\/div>\n          <div class=\"h-column h-column-container d-flex h-col-lg-4 h-col-md-6 h-col-12 style-727-outer style-local-118-c30-outer\">\n            <div data-colibri-id=\"118-c30\" class=\"d-flex h-flex-basis h-column__inner h-px-lg-0 h-px-md-0 h-px-0 v-inner-lg-0 v-inner-md-0 v-inner-0 style-727 style-local-118-c30 position-relative\">\n              <!---->\n              <!---->\n              <div class=\"w-100 h-y-container h-column__content h-column__v-align flex-basis-100 align-self-lg-start align-self-md-start align-self-start\">\n                <!---->\n                <div data-colibri-id=\"118-c31\" class=\"h-global-transition-all h-heading style-737 style-local-118-c31 position-relative h-element\">\n                  <!---->\n                  <div class=\"h-heading__outer style-737 style-local-118-c31\">\n                    <!---->\n                    <!---->\n                    <h5 class=\"\">Mai<\/h5>\n                  <\/div>\n                <\/div>\n                <div data-colibri-id=\"118-c32\" class=\"h-text h-text-component style-738 style-local-118-c32 position-relative h-element\">\n                  <!---->\n                  <!---->\n                  <div class=\"\">\n                    <p>CHF 300<\/p>\n                  <\/div>\n                <\/div>\n              <\/div>\n            <\/div>\n          <\/div>\n          <div class=\"h-column h-column-container d-flex h-col-lg-4 h-col-md-6 h-col-12 style-728-outer style-local-118-c33-outer\">\n            <div data-colibri-id=\"118-c33\" class=\"d-flex h-flex-basis h-column__inner h-px-lg-0 h-px-md-0 h-px-0 v-inner-lg-0 v-inner-md-0 v-inner-0 style-728 style-local-118-c33 position-relative\">\n              <!---->\n              <!---->\n              <div class=\"w-100 h-y-container h-column__content h-column__v-align flex-basis-100 align-self-lg-start align-self-md-start align-self-start\">\n                <!---->\n                <div data-colibri-id=\"118-c34\" class=\"h-global-transition-all h-heading style-739 style-local-118-c34 position-relative h-element\">\n                  <!---->\n                  <div class=\"h-heading__outer style-739 style-local-118-c34\">\n                    <!---->\n                    <!---->\n                    <h5 class=\"\">Juni<\/h5>\n                  <\/div>\n                <\/div>\n                <div data-colibri-id=\"118-c35\" class=\"h-text h-text-component style-740 style-local-118-c35 position-relative h-element\">\n                  <!---->\n                  <!---->\n                  <div class=\"\">\n                    <p>CHF 350<\/p>\n                  <\/div>\n                <\/div>\n              <\/div>\n            <\/div>\n          <\/div>\n          <div class=\"h-column h-column-container d-flex h-col-lg-4 h-col-md-6 h-col-12 style-729-outer style-local-118-c36-outer\">\n            <div data-colibri-id=\"118-c36\" class=\"d-flex h-flex-basis h-column__inner h-px-lg-0 h-px-md-0 h-px-0 v-inner-lg-0 v-inner-md-0 v-inner-0 style-729 style-local-118-c36 position-relative\">\n              <!---->\n              <!---->\n              <div class=\"w-100 h-y-container h-column__content h-column__v-align flex-basis-100 align-self-lg-start align-self-md-start align-self-start\">\n                <!---->\n                <div data-colibri-id=\"118-c37\" class=\"h-global-transition-all h-heading style-741 style-local-118-c37 position-relative h-element\">\n                  <!---->\n                  <div class=\"h-heading__outer style-741 style-local-118-c37\">\n                    <!---->\n                    <!---->\n                    <h5 class=\"\">Juli<\/h5>\n                  <\/div>\n                <\/div>\n                <div data-colibri-id=\"118-c38\" class=\"h-text h-text-component style-747 style-local-118-c38 position-relative h-element\">\n                  <!---->\n                  <!---->\n                  <div class=\"\">\n                    <p>CHF 550<\/p>\n                  <\/div>\n                <\/div>\n              <\/div>\n            <\/div>\n          <\/div>\n          <div class=\"h-column h-column-container d-flex h-col-lg-4 h-col-md-6 h-col-12 style-730-outer style-local-118-c39-outer\">\n            <div data-colibri-id=\"118-c39\" class=\"d-flex h-flex-basis h-column__inner h-px-lg-0 h-px-md-0 h-px-0 v-inner-lg-0 v-inner-md-0 v-inner-0 style-730 style-local-118-c39 position-relative\">\n              <!---->\n              <!---->\n              <div class=\"w-100 h-y-container h-column__content h-column__v-align flex-basis-100 align-self-lg-start align-self-md-start align-self-start\">\n                <!---->\n                <div data-colibri-id=\"118-c40\" class=\"h-global-transition-all h-heading style-742 style-local-118-c40 position-relative h-element\">\n                  <!---->\n                  <div class=\"h-heading__outer style-742 style-local-118-c40\">\n                    <!---->\n                    <!---->\n                    <h5 class=\"\">August<\/h5>\n                  <\/div>\n                <\/div>\n                <div data-colibri-id=\"118-c41\" class=\"h-text h-text-component style-748 style-local-118-c41 position-relative h-element\">\n                  <!---->\n                  <!---->\n                  <div class=\"\">\n                    <p>CHF 550<\/p>\n                  <\/div>\n                <\/div>\n              <\/div>\n            <\/div>\n          <\/div>\n          <div class=\"h-column h-column-container d-flex h-col-lg-4 h-col-md-6 h-col-12 style-731-outer style-local-118-c42-outer\">\n            <div data-colibri-id=\"118-c42\" class=\"d-flex h-flex-basis h-column__inner h-px-lg-0 h-px-md-0 h-px-0 v-inner-lg-0 v-inner-md-0 v-inner-0 style-731 style-local-118-c42 position-relative\">\n              <!---->\n              <!---->\n              <div class=\"w-100 h-y-container h-column__content h-column__v-align flex-basis-100 align-self-lg-start align-self-md-start align-self-start\">\n                <!---->\n                <div data-colibri-id=\"118-c43\" class=\"h-global-transition-all h-heading style-743 style-local-118-c43 position-relative h-element\">\n                  <!---->\n                  <div class=\"h-heading__outer style-743 style-local-118-c43\">\n                    <!---->\n                    <!---->\n                    <h5 class=\"\">September<\/h5>\n                  <\/div>\n                <\/div>\n                <div data-colibri-id=\"118-c44\" class=\"h-text h-text-component style-749 style-local-118-c44 position-relative h-element\">\n                  <!---->\n                  <!---->\n                  <div class=\"\">\n                    <p>CHF 350<\/p>\n                  <\/div>\n                <\/div>\n              <\/div>\n            <\/div>\n          <\/div>\n          <div class=\"h-column h-column-container d-flex h-col-lg-4 h-col-md-6 h-col-12 style-732-outer style-local-118-c45-outer\">\n            <div data-colibri-id=\"118-c45\" class=\"d-flex h-flex-basis h-column__inner h-px-lg-0 h-px-md-0 h-px-0 v-inner-lg-0 v-inner-md-0 v-inner-0 style-732 style-local-118-c45 position-relative\">\n              <!---->\n              <!---->\n              <div class=\"w-100 h-y-container h-column__content h-column__v-align flex-basis-100 align-self-lg-start align-self-md-start align-self-start\">\n                <!---->\n                <div data-colibri-id=\"118-c46\" class=\"h-global-transition-all h-heading style-744 style-local-118-c46 position-relative h-element\">\n                  <!---->\n                  <div class=\"h-heading__outer style-744 style-local-118-c46\">\n                    <!---->\n                    <!---->\n                    <h5 class=\"\">Oktober<\/h5>\n                  <\/div>\n                <\/div>\n                <div data-colibri-id=\"118-c47\" class=\"h-text h-text-component style-752 style-local-118-c47 position-relative h-element\">\n                  <!---->\n                  <!---->\n                  <div class=\"\">\n                    <p>CHF 250<\/p>\n                  <\/div>\n                <\/div>\n              <\/div>\n            <\/div>\n          <\/div>\n          <div class=\"h-column h-column-container d-flex h-col-lg-4 h-col-md-6 h-col-12 style-733-outer style-local-118-c48-outer\">\n            <div data-colibri-id=\"118-c48\" class=\"d-flex h-flex-basis h-column__inner h-px-lg-0 h-px-md-0 h-px-0 v-inner-lg-0 v-inner-md-0 v-inner-0 style-733 style-local-118-c48 position-relative\">\n              <!---->\n              <!---->\n              <div class=\"w-100 h-y-container h-column__content h-column__v-align flex-basis-100 align-self-lg-start align-self-md-start align-self-start\">\n                <!---->\n                <div data-colibri-id=\"118-c49\" class=\"h-global-transition-all h-heading style-745 style-local-118-c49 position-relative h-element\">\n                  <!---->\n                  <div class=\"h-heading__outer style-745 style-local-118-c49\">\n                    <!---->\n                    <!---->\n                    <h5 class=\"\">November<\/h5>\n                  <\/div>\n                <\/div>\n                <div data-colibri-id=\"118-c50\" class=\"h-text h-text-component style-751 style-local-118-c50 position-relative h-element\">\n                  <!---->\n                  <!---->\n                  <div class=\"\">\n                    <p>CHF 150<\/p>\n                  <\/div>\n                <\/div>\n              <\/div>\n            <\/div>\n          <\/div>\n          <div class=\"h-column h-column-container d-flex h-col-lg-4 h-col-md-6 h-col-12 style-734-outer style-local-118-c51-outer\">\n            <div data-colibri-id=\"118-c51\" class=\"d-flex h-flex-basis h-column__inner h-px-lg-0 h-px-md-0 h-px-0 v-inner-lg-0 v-inner-md-0 v-inner-0 style-734 style-local-118-c51 position-relative\">\n              <!---->\n              <!---->\n              <div class=\"w-100 h-y-container h-column__content h-column__v-align flex-basis-100 align-self-lg-start align-self-md-start align-self-start\">\n                <!---->\n                <div data-colibri-id=\"118-c52\" class=\"h-global-transition-all h-heading style-746 style-local-118-c52 position-relative h-element\">\n                  <!---->\n                  <div class=\"h-heading__outer style-746 style-local-118-c52\">\n                    <!---->\n                    <!---->\n                    <h5 class=\"\">Dezember<\/h5>\n                  <\/div>\n                <\/div>\n                <div data-colibri-id=\"118-c53\" class=\"h-text h-text-component style-753 style-local-118-c53 position-relative h-element\">\n                  <!---->\n                  <!---->\n                  <div class=\"\">\n                    <p>CHF 150<\/p>\n                  <\/div>\n                <\/div>\n              <\/div>\n            <\/div>\n          <\/div>\n        <\/div>\n      <\/div>\n    <\/div>\n  <\/div>\n<\/div>","protected":false},"excerpt":{"rendered":"<p>Preise Die Preise sind in CHF pro Woche f\u00fcr die ganze Wohnung. Mietbeginn 12:00 Uhr Anreisetag. Mietende 11:00 Uhr Abreisetag. Je nach Aulastung der Wohnung k\u00f6nnen auch individuelle An- und Abreisezeiten abgemacht werden. Januar CHF 150 Februar CHF 150 M\u00e4rz CHF 150 April CHF 250 Mai CHF 300 Juni CHF 350 Juli CHF 550 August [&hellip;]<\/p>\n","protected":false},"author":1,"featured_media":0,"parent":0,"menu_order":0,"comment_status":"closed","ping_status":"closed","template":"page-templates\/full-width-page.php","meta":{"footnotes":""},"class_list":["post-118","page","type-page","status-publish","hentry"],"_links":{"self":[{"href":"https:\/\/familiejenzer.ch\/index.php?rest_route=\/wp\/v2\/pages\/118","targetHints":{"allow":["GET"]}}],"collection":[{"href":"https:\/\/familiejenzer.ch\/index.php?rest_route=\/wp\/v2\/pages"}],"about":[{"href":"https:\/\/familiejenzer.ch\/index.php?rest_route=\/wp\/v2\/types\/page"}],"author":[{"embeddable":true,"href":"https:\/\/familiejenzer.ch\/index.php?rest_route=\/wp\/v2\/users\/1"}],"replies":[{"embeddable":true,"href":"https:\/\/familiejenzer.ch\/index.php?rest_route=%2Fwp%2Fv2%2Fcomments&post=118"}],"version-history":[{"count":20,"href":"https:\/\/familiejenzer.ch\/index.php?rest_route=\/wp\/v2\/pages\/118\/revisions"}],"predecessor-version":[{"id":1809,"href":"https:\/\/familiejenzer.ch\/index.php?rest_route=\/wp\/v2\/pages\/118\/revisions\/1809"}],"wp:attachment":[{"href":"https:\/\/familiejenzer.ch\/index.php?rest_route=%2Fwp%2Fv2%2Fmedia&parent=118"}],"curies":[{"name":"wp","href":"https:\/\/api.w.org\/{rel}","templated":true}]}}